{"id":1573,"date":"2023-06-30T21:31:19","date_gmt":"2023-07-01T00:31:19","guid":{"rendered":"https:\/\/afonte.org.br\/site\/?post_type=xxi-congresso-mama&#038;p=1573"},"modified":"2023-07-03T22:01:19","modified_gmt":"2023-07-04T01:01:19","slug":"teresina-piaui-a-cidade-do-encontro","status":"publish","type":"xxi-congresso-mama","link":"https:\/\/afonte.org.br\/site\/xxi-congresso-mama\/teresina-piaui-a-cidade-do-encontro\/","title":{"rendered":"Teresina, Piau\u00ed: A Cidade do Encontro"},"content":{"rendered":"\n<p class=\"has-drop-cap\">N\u00f3s estamos entusiasmados em receber todos voc\u00eas em Teresina, a encantadora capital do Piau\u00ed, para o XXI Encontro Brasileiro de Institui\u00e7\u00f5es Filantr\u00f3picas pela Sa\u00fade da Mama. Como um vibrante centro cultural e hist\u00f3rico, Teresina oferece aos seus visitantes uma experi\u00eancia \u00fanica e inesquec\u00edvel.<\/p>\n\n\n\n<p>Conhecida como a \u2018Cidade Verde\u2019, devido a sua exuberante vegeta\u00e7\u00e3o composta por parques e avenidas arborizadas, Teresina \u00e9 a primeira capital planejada do Brasil. O rio Parna\u00edba, um dos mais importantes do Nordeste, cruza a cidade e em suas margens \u00e9 poss\u00edvel observar a rica biodiversidade local.<\/p>\n\n\n\n<p>Teresina \u00e9 famosa por sua hospitalidade calorosa e pela riqueza cultural. A cidade \u00e9 um importante centro de artesanato, conhecido pelos seus produtos de cer\u00e2mica, cestaria e bordados, que s\u00e3o fruto do talento e criatividade dos artes\u00e3os locais. Al\u00e9m disso, a gastronomia piauiense \u00e9 uma deliciosa aventura para o paladar, com pratos t\u00edpicos que unem tradi\u00e7\u00e3o e sabor.<\/p>\n\n\n\n<p>A cidade tamb\u00e9m abriga diversas atra\u00e7\u00f5es culturais, incluindo o Parque Encontro dos Rios, onde os rios Parna\u00edba e Poti se encontram, o Museu do Piau\u00ed, que oferece uma fascinante vis\u00e3o da hist\u00f3ria e da cultura da regi\u00e3o, e a Igreja de S\u00e3o Benedito, um belo exemplo da arquitetura religiosa local.<\/p>\n\n\n\n<p>E \u00e9 nessa cidade acolhedora que estaremos realizando nosso encontro, no SESC Ilhotas, um local perfeitamente equipado para proporcionar a melhor experi\u00eancia para todos os participantes.<\/p>\n\n\n\n<p>Estamos ansiosos para receb\u00ea-los em Teresina e acreditamos que a cidade ser\u00e1 o cen\u00e1rio perfeito para nosso encontro. Venha juntar-se a n\u00f3s na busca pela otimiza\u00e7\u00e3o da assist\u00eancia no controle do c\u00e2ncer, enquanto aproveita tudo que a encantadora Teresina tem para oferecer. Nos vemos em setembro!<\/p>\n","protected":false},"featured_media":0,"template":"","class_list":["post-1573","xxi-congresso-mama","type-xxi-congresso-mama","status-publish","hentry"],"yoast_head":"<!-- This site is optimized with the Yoast SEO plugin v26.4 - https:\/\/yoast.com\/wordpress\/plugins\/seo\/ -->\n<title>Teresina, Piau\u00ed: A Cidade do Encontro - Funda\u00e7\u00e3o Maria Carvalho Santos<\/title>\n<meta name=\"robots\" content=\"index, follow, max-snippet:-1, max-image-preview:large, max-video-preview:-1\" \/>\n<link rel=\"canonical\" href=\"https:\/\/afonte.org.br\/site\/xxi-congresso-mama\/teresina-piaui-a-cidade-do-encontro\/\" \/>\n<meta property=\"og:locale\" content=\"pt_BR\" \/>\n<meta property=\"og:type\" content=\"article\" \/>\n<meta property=\"og:title\" content=\"Teresina, Piau\u00ed: A Cidade do Encontro - Funda\u00e7\u00e3o Maria Carvalho Santos\" \/>\n<meta property=\"og:description\" content=\"N\u00f3s estamos entusiasmados em receber todos voc\u00eas em Teresina, a encantadora capital do Piau\u00ed, para o XXI Encontro Brasileiro de Institui\u00e7\u00f5es Filantr\u00f3picas pela Sa\u00fade da Mama. Como um vibrante centro cultural e hist\u00f3rico, Teresina oferece aos seus visitantes uma experi\u00eancia \u00fanica e inesquec\u00edvel. Conhecida como a \u2018Cidade Verde\u2019, devido a sua exuberante vegeta\u00e7\u00e3o composta por [&hellip;]\" \/>\n<meta property=\"og:url\" content=\"https:\/\/afonte.org.br\/site\/xxi-congresso-mama\/teresina-piaui-a-cidade-do-encontro\/\" \/>\n<meta property=\"og:site_name\" content=\"Funda\u00e7\u00e3o Maria Carvalho Santos\" \/>\n<meta property=\"article:publisher\" content=\"https:\/\/www.facebook.com\/fundacaomariacarvalhosantos\/\" \/>\n<meta property=\"article:modified_time\" content=\"2023-07-04T01:01:19+00:00\" \/>\n<meta name=\"twitter:card\" content=\"summary_large_image\" \/>\n<meta name=\"twitter:site\" content=\"@fundacaomaria\" \/>\n<meta name=\"twitter:label1\" content=\"Est. tempo de leitura\" \/>\n\t<meta name=\"twitter:data1\" content=\"1 minuto\" \/>\n<script type=\"application\/ld+json\" class=\"yoast-schema-graph\">{\"@context\":\"https:\/\/schema.org\",\"@graph\":[{\"@type\":\"WebPage\",\"@id\":\"https:\/\/afonte.org.br\/site\/xxi-congresso-mama\/teresina-piaui-a-cidade-do-encontro\/\",\"url\":\"https:\/\/afonte.org.br\/site\/xxi-congresso-mama\/teresina-piaui-a-cidade-do-encontro\/\",\"name\":\"Teresina, Piau\u00ed: A Cidade do Encontro - Funda\u00e7\u00e3o Maria Carvalho Santos\",\"isPartOf\":{\"@id\":\"https:\/\/afonte.org.br\/site\/#website\"},\"datePublished\":\"2023-07-01T00:31:19+00:00\",\"dateModified\":\"2023-07-04T01:01:19+00:00\",\"breadcrumb\":{\"@id\":\"https:\/\/afonte.org.br\/site\/xxi-congresso-mama\/teresina-piaui-a-cidade-do-encontro\/#breadcrumb\"},\"inLanguage\":\"pt-BR\",\"potentialAction\":[{\"@type\":\"ReadAction\",\"target\":[\"https:\/\/afonte.org.br\/site\/xxi-congresso-mama\/teresina-piaui-a-cidade-do-encontro\/\"]}]},{\"@type\":\"BreadcrumbList\",\"@id\":\"https:\/\/afonte.org.br\/site\/xxi-congresso-mama\/teresina-piaui-a-cidade-do-encontro\/#breadcrumb\",\"itemListElement\":[{\"@type\":\"ListItem\",\"position\":1,\"name\":\"In\u00edcio\",\"item\":\"https:\/\/afonte.org.br\/site\/\"},{\"@type\":\"ListItem\",\"position\":2,\"name\":\"XXI Congresso Mama\",\"item\":\"https:\/\/afonte.org.br\/site\/xxi-congresso-mama\/\"},{\"@type\":\"ListItem\",\"position\":3,\"name\":\"Teresina, Piau\u00ed: A Cidade do Encontro\"}]},{\"@type\":\"WebSite\",\"@id\":\"https:\/\/afonte.org.br\/site\/#website\",\"url\":\"https:\/\/afonte.org.br\/site\/\",\"name\":\"Funda\u00e7\u00e3o Maria Carvalho Santos\",\"description\":\"\u201cSe voc\u00ea tem c\u00e2ncer de mama, n\u00f3s ajudamos voc\u00ea, mas se voc\u00ea n\u00e3o tem, ajude a gente\u201d!\",\"publisher\":{\"@id\":\"https:\/\/afonte.org.br\/site\/#organization\"},\"potentialAction\":[{\"@type\":\"SearchAction\",\"target\":{\"@type\":\"EntryPoint\",\"urlTemplate\":\"https:\/\/afonte.org.br\/site\/?s={search_term_string}\"},\"query-input\":{\"@type\":\"PropertyValueSpecification\",\"valueRequired\":true,\"valueName\":\"search_term_string\"}}],\"inLanguage\":\"pt-BR\"},{\"@type\":\"Organization\",\"@id\":\"https:\/\/afonte.org.br\/site\/#organization\",\"name\":\"Funda\u00e7\u00e3o Maria Carvalho Santos\",\"url\":\"https:\/\/afonte.org.br\/site\/\",\"logo\":{\"@type\":\"ImageObject\",\"inLanguage\":\"pt-BR\",\"@id\":\"https:\/\/afonte.org.br\/site\/#\/schema\/logo\/image\/\",\"url\":\"https:\/\/afonte.org.br\/site\/wp-content\/uploads\/2021\/10\/logomarca_fundacao2.fw_.png\",\"contentUrl\":\"https:\/\/afonte.org.br\/site\/wp-content\/uploads\/2021\/10\/logomarca_fundacao2.fw_.png\",\"width\":200,\"height\":73,\"caption\":\"Funda\u00e7\u00e3o Maria Carvalho Santos\"},\"image\":{\"@id\":\"https:\/\/afonte.org.br\/site\/#\/schema\/logo\/image\/\"},\"sameAs\":[\"https:\/\/www.facebook.com\/fundacaomariacarvalhosantos\/\",\"https:\/\/x.com\/fundacaomaria\",\"https:\/\/www.instagram.com\/fundacaomariacarvalho\/?hl=pt-br\",\"https:\/\/www.youtube.com\/channel\/UCThs6_9MYv6ms6ciEHDKXrA\"]}]}<\/script>\n<!-- \/ Yoast SEO plugin. -->","yoast_head_json":{"title":"Teresina, Piau\u00ed: A Cidade do Encontro - Funda\u00e7\u00e3o Maria Carvalho Santos","robots":{"index":"index","follow":"follow","max-snippet":"max-snippet:-1","max-image-preview":"max-image-preview:large","max-video-preview":"max-video-preview:-1"},"canonical":"https:\/\/afonte.org.br\/site\/xxi-congresso-mama\/teresina-piaui-a-cidade-do-encontro\/","og_locale":"pt_BR","og_type":"article","og_title":"Teresina, Piau\u00ed: A Cidade do Encontro - Funda\u00e7\u00e3o Maria Carvalho Santos","og_description":"N\u00f3s estamos entusiasmados em receber todos voc\u00eas em Teresina, a encantadora capital do Piau\u00ed, para o XXI Encontro Brasileiro de Institui\u00e7\u00f5es Filantr\u00f3picas pela Sa\u00fade da Mama. Como um vibrante centro cultural e hist\u00f3rico, Teresina oferece aos seus visitantes uma experi\u00eancia \u00fanica e inesquec\u00edvel. Conhecida como a \u2018Cidade Verde\u2019, devido a sua exuberante vegeta\u00e7\u00e3o composta por [&hellip;]","og_url":"https:\/\/afonte.org.br\/site\/xxi-congresso-mama\/teresina-piaui-a-cidade-do-encontro\/","og_site_name":"Funda\u00e7\u00e3o Maria Carvalho Santos","article_publisher":"https:\/\/www.facebook.com\/fundacaomariacarvalhosantos\/","article_modified_time":"2023-07-04T01:01:19+00:00","twitter_card":"summary_large_image","twitter_site":"@fundacaomaria","twitter_misc":{"Est. tempo de leitura":"1 minuto"},"schema":{"@context":"https:\/\/schema.org","@graph":[{"@type":"WebPage","@id":"https:\/\/afonte.org.br\/site\/xxi-congresso-mama\/teresina-piaui-a-cidade-do-encontro\/","url":"https:\/\/afonte.org.br\/site\/xxi-congresso-mama\/teresina-piaui-a-cidade-do-encontro\/","name":"Teresina, Piau\u00ed: A Cidade do Encontro - Funda\u00e7\u00e3o Maria Carvalho Santos","isPartOf":{"@id":"https:\/\/afonte.org.br\/site\/#website"},"datePublished":"2023-07-01T00:31:19+00:00","dateModified":"2023-07-04T01:01:19+00:00","breadcrumb":{"@id":"https:\/\/afonte.org.br\/site\/xxi-congresso-mama\/teresina-piaui-a-cidade-do-encontro\/#breadcrumb"},"inLanguage":"pt-BR","potentialAction":[{"@type":"ReadAction","target":["https:\/\/afonte.org.br\/site\/xxi-congresso-mama\/teresina-piaui-a-cidade-do-encontro\/"]}]},{"@type":"BreadcrumbList","@id":"https:\/\/afonte.org.br\/site\/xxi-congresso-mama\/teresina-piaui-a-cidade-do-encontro\/#breadcrumb","itemListElement":[{"@type":"ListItem","position":1,"name":"In\u00edcio","item":"https:\/\/afonte.org.br\/site\/"},{"@type":"ListItem","position":2,"name":"XXI Congresso Mama","item":"https:\/\/afonte.org.br\/site\/xxi-congresso-mama\/"},{"@type":"ListItem","position":3,"name":"Teresina, Piau\u00ed: A Cidade do Encontro"}]},{"@type":"WebSite","@id":"https:\/\/afonte.org.br\/site\/#website","url":"https:\/\/afonte.org.br\/site\/","name":"Funda\u00e7\u00e3o Maria Carvalho Santos","description":"\u201cSe voc\u00ea tem c\u00e2ncer de mama, n\u00f3s ajudamos voc\u00ea, mas se voc\u00ea n\u00e3o tem, ajude a gente\u201d!","publisher":{"@id":"https:\/\/afonte.org.br\/site\/#organization"},"potentialAction":[{"@type":"SearchAction","target":{"@type":"EntryPoint","urlTemplate":"https:\/\/afonte.org.br\/site\/?s={search_term_string}"},"query-input":{"@type":"PropertyValueSpecification","valueRequired":true,"valueName":"search_term_string"}}],"inLanguage":"pt-BR"},{"@type":"Organization","@id":"https:\/\/afonte.org.br\/site\/#organization","name":"Funda\u00e7\u00e3o Maria Carvalho Santos","url":"https:\/\/afonte.org.br\/site\/","logo":{"@type":"ImageObject","inLanguage":"pt-BR","@id":"https:\/\/afonte.org.br\/site\/#\/schema\/logo\/image\/","url":"https:\/\/afonte.org.br\/site\/wp-content\/uploads\/2021\/10\/logomarca_fundacao2.fw_.png","contentUrl":"https:\/\/afonte.org.br\/site\/wp-content\/uploads\/2021\/10\/logomarca_fundacao2.fw_.png","width":200,"height":73,"caption":"Funda\u00e7\u00e3o Maria Carvalho Santos"},"image":{"@id":"https:\/\/afonte.org.br\/site\/#\/schema\/logo\/image\/"},"sameAs":["https:\/\/www.facebook.com\/fundacaomariacarvalhosantos\/","https:\/\/x.com\/fundacaomaria","https:\/\/www.instagram.com\/fundacaomariacarvalho\/?hl=pt-br","https:\/\/www.youtube.com\/channel\/UCThs6_9MYv6ms6ciEHDKXrA"]}]}},"_links":{"self":[{"href":"https:\/\/afonte.org.br\/site\/wp-json\/wp\/v2\/xxi-congresso-mama\/1573","targetHints":{"allow":["GET"]}}],"collection":[{"href":"https:\/\/afonte.org.br\/site\/wp-json\/wp\/v2\/xxi-congresso-mama"}],"about":[{"href":"https:\/\/afonte.org.br\/site\/wp-json\/wp\/v2\/types\/xxi-congresso-mama"}],"version-history":[{"count":1,"href":"https:\/\/afonte.org.br\/site\/wp-json\/wp\/v2\/xxi-congresso-mama\/1573\/revisions"}],"predecessor-version":[{"id":1694,"href":"https:\/\/afonte.org.br\/site\/wp-json\/wp\/v2\/xxi-congresso-mama\/1573\/revisions\/1694"}],"wp:attachment":[{"href":"https:\/\/afonte.org.br\/site\/wp-json\/wp\/v2\/media?parent=1573"}],"curies":[{"name":"wp","href":"https:\/\/api.w.org\/{rel}","templated":true}]}}

Teresina, Piauí: A Cidade do Encontro

<p class="has-drop-cap">Nós estamos entusiasmados em receber todos vocês em Teresina, a encantadora capital do Piauí, para o XXI Encontro Brasileiro de Instituições Filantrópicas pela Saúde da Mama. Como um vibrante centro cultural e histórico, Teresina oferece aos seus visitantes uma experiência única e inesquecível.</p>



<p>Conhecida como a ‘Cidade Verde’, devido a sua exuberante vegetação composta por parques e avenidas arborizadas, Teresina é a primeira capital planejada do Brasil. O rio Parnaíba, um dos mais importantes do Nordeste, cruza a cidade e em suas margens é possível observar a rica biodiversidade local.</p>



<p>Teresina é famosa por sua hospitalidade calorosa e pela riqueza cultural. A cidade é um importante centro de artesanato, conhecido pelos seus produtos de cerâmica, cestaria e bordados, que são fruto do talento e criatividade dos artesãos locais. Além disso, a gastronomia piauiense é uma deliciosa aventura para o paladar, com pratos típicos que unem tradição e sabor.</p>



<p>A cidade também abriga diversas atrações culturais, incluindo o Parque Encontro dos Rios, onde os rios Parnaíba e Poti se encontram, o Museu do Piauí, que oferece uma fascinante visão da história e da cultura da região, e a Igreja de São Benedito, um belo exemplo da arquitetura religiosa local.</p>



<p>E é nessa cidade acolhedora que estaremos realizando nosso encontro, no SESC Ilhotas, um local perfeitamente equipado para proporcionar a melhor experiência para todos os participantes.</p>



<p>Estamos ansiosos para recebê-los em Teresina e acreditamos que a cidade será o cenário perfeito para nosso encontro. Venha juntar-se a nós na busca pela otimização da assistência no controle do câncer, enquanto aproveita tudo que a encantadora Teresina tem para oferecer. Nos vemos em setembro!</p>

<!-- This site is optimized with the Yoast SEO plugin v26.4 - https://yoast.com/wordpress/plugins/seo/ -->
<title>Teresina, Piauí: A Cidade do Encontro - Fundação Maria Carvalho Santos</title>
<meta name="robots" content="index, follow, max-snippet:-1, max-image-preview:large, max-video-preview:-1" />
<link rel="canonical" href="https://afonte.org.br/site/xxi-congresso-mama/teresina-piaui-a-cidade-do-encontro/" />
<meta property="og:locale" content="pt_BR" />
<meta property="og:type" content="article" />
<meta property="og:title" content="Teresina, Piauí: A Cidade do Encontro - Fundação Maria Carvalho Santos" />
<meta property="og:description" content="Nós estamos entusiasmados em receber todos vocês em Teresina, a encantadora capital do Piauí, para o XXI Encontro Brasileiro de Instituições Filantrópicas pela Saúde da Mama. Como um vibrante centro cultural e histórico, Teresina oferece aos seus visitantes uma experiência única e inesquecível. Conhecida como a ‘Cidade Verde’, devido a sua exuberante vegetação composta por [&hellip;]" />
<meta property="og:url" content="https://afonte.org.br/site/xxi-congresso-mama/teresina-piaui-a-cidade-do-encontro/" />
<meta property="og:site_name" content="Fundação Maria Carvalho Santos" />
<meta property="article:publisher" content="https://www.facebook.com/fundacaomariacarvalhosantos/" />
<meta property="article:modified_time" content="2023-07-04T01:01:19+00:00" />
<meta name="twitter:card" content="summary_large_image" />
<meta name="twitter:site" content="@fundacaomaria" />
<meta name="twitter:label1" content="Est. tempo de leitura" />
	<meta name="twitter:data1" content="1 minuto" />
<script type="application/ld+json" class="yoast-schema-graph">{"@context":"https://schema.org","@graph":[{"@type":"WebPage","@id":"https://afonte.org.br/site/xxi-congresso-mama/teresina-piaui-a-cidade-do-encontro/","url":"https://afonte.org.br/site/xxi-congresso-mama/teresina-piaui-a-cidade-do-encontro/","name":"Teresina, Piauí: A Cidade do Encontro - Fundação Maria Carvalho Santos","isPartOf":{"@id":"https://afonte.org.br/site/#website"},"datePublished":"2023-07-01T00:31:19+00:00","dateModified":"2023-07-04T01:01:19+00:00","breadcrumb":{"@id":"https://afonte.org.br/site/xxi-congresso-mama/teresina-piaui-a-cidade-do-encontro/#breadcrumb"},"inLanguage":"pt-BR","potentialAction":[{"@type":"ReadAction","target":["https://afonte.org.br/site/xxi-congresso-mama/teresina-piaui-a-cidade-do-encontro/"]}]},{"@type":"BreadcrumbList","@id":"https://afonte.org.br/site/xxi-congresso-mama/teresina-piaui-a-cidade-do-encontro/#breadcrumb","itemListElement":[{"@type":"ListItem","position":1,"name":"Início","item":"https://afonte.org.br/site/"},{"@type":"ListItem","position":2,"name":"XXI Congresso Mama","item":"https://afonte.org.br/site/xxi-congresso-mama/"},{"@type":"ListItem","position":3,"name":"Teresina, Piauí: A Cidade do Encontro"}]},{"@type":"WebSite","@id":"https://afonte.org.br/site/#website","url":"https://afonte.org.br/site/","name":"Fundação Maria Carvalho Santos","description":"“Se você tem câncer de mama, nós ajudamos você, mas se você não tem, ajude a gente”!","publisher":{"@id":"https://afonte.org.br/site/#organization"},"potentialAction":[{"@type":"SearchAction","target":{"@type":"EntryPoint","urlTemplate":"https://afonte.org.br/site/?s={search_term_string}"},"query-input":{"@type":"PropertyValueSpecification","valueRequired":true,"valueName":"search_term_string"}}],"inLanguage":"pt-BR"},{"@type":"Organization","@id":"https://afonte.org.br/site/#organization","name":"Fundação Maria Carvalho Santos","url":"https://afonte.org.br/site/","logo":{"@type":"ImageObject","inLanguage":"pt-BR","@id":"https://afonte.org.br/site/#/schema/logo/image/","url":"https://afonte.org.br/site/wp-content/uploads/2021/10/logomarca_fundacao2.fw_.png","contentUrl":"https://afonte.org.br/site/wp-content/uploads/2021/10/logomarca_fundacao2.fw_.png","width":200,"height":73,"caption":"Fundação Maria Carvalho Santos"},"image":{"@id":"https://afonte.org.br/site/#/schema/logo/image/"},"sameAs":["https://www.facebook.com/fundacaomariacarvalhosantos/","https://x.com/fundacaomaria","https://www.instagram.com/fundacaomariacarvalho/?hl=pt-br","https://www.youtube.com/channel/UCThs6_9MYv6ms6ciEHDKXrA"]}]}</script>
<!-- / Yoast SEO plugin. -->

Teresina, Piauí: A Cidade do Encontro - Fundação Maria Carvalho Santos

Nós estamos entusiasmados em receber todos vocês em Teresina, a encantadora capital do Piauí, para o XXI Encontro Brasileiro de Instituições Filantrópicas pela Saúde da Mama. Como um vibrante centro cultural e histórico, Teresina oferece aos seus visitantes uma experiência única e inesquecível. Conhecida como a ‘Cidade Verde’, devido a sua exuberante vegetação composta por [&hellip;]

Fundação Maria Carvalho Santos

Início

“Se você tem câncer de mama, nós ajudamos você, mas se você não tem, ajude a gente”!
